eatest common divisor of 2542158 and 108.
54
Calculate the greatest common factor of 100670 and 330.
10
Calculate the greatest common factor of 42613 and 129.
43
What is the highest common divisor of 86 and 4639571?
43
What is the highest common factor of 204110 and 90?
10
What is the greatest common factor of 6979 and 875?
7
What is the highest common divisor of 152546 and 5251?
89
Calculate the highest common factor of 24 and 24252.
12
Calculate the highest common divisor of 42 and 31616256.
42
What is the greatest common divisor of 54 and 165510?
54
What is the highest common divisor of 319 and 583?
11
What is the highest common divisor of 99 and 30789?
99
What is the highest common divisor of 628248 and 8?
8
What is the highest common divisor of 2772 and 2682?
18
What is the highest common divisor of 3500 and 4300?
100
Calculate the greatest common divisor of 144172 and 4864.
76
Calculate the highest common factor of 4456200 and 1061.
1061
Calculate the greatest common factor of 2416 and 6676.
4
What is the highest common divisor of 5011677 and 2046?
1023
What is the highest common divisor of 2573360 and 16?
16
Calculate the highest common divisor of 46768 and 3996.
148
What is the greatest common divisor of 89754 and 798?
42
Calculate the highest common factor of 6550 and 2815190.
1310
Calculate the greatest common divisor of 2889 and 6527.
107
What is the greatest common factor of 2590 and 262367?
259
Calculate the highest common divisor of 189678 and 48.
6
What is the greatest common divisor of 4085660 and 2680?
1340
Calculate the highest common factor of 1312475 and 705.
235
What is the highest common factor of 3627975 and 15?
15
Calculate the greatest common divisor of 2604 and 5460.
84
What is the greatest common divisor of 93 and 3876333?
93
Calculate the highest common factor of 865495 and 5.
5
Calculate the highest common divisor of 8 and 1912.
8
Calculate the highest common divisor of 6745950 and 54.
54
What is the highest common factor of 9 and 726318?
9
Calculate the highest common divisor of 111 and 76590.
111
Calculate the greatest common factor of 24459 and 3503.
31
Calculate the highest common divisor of 633985 and 20.
5
What is the highest common divisor of 11295 and 675?
45
What is the greatest common divisor of 27 and 1025361?
9
Calculate the highest common factor of 85709 and 19.
19
What is the greatest common factor of 22 and 51480?
22
What is the highest common divisor of 19 and 725876?
19
Calculate the greatest common factor of 23 and 27301.
23
Calculate the greatest common divisor of 396 and 12816.
36
What is the greatest common divisor of 16 and 183120?
16
What is the greatest common factor of 3025 and 125?
25
What is the greatest common divisor of 4728763 and 13?
13
Calculate the highest common factor of 5298 and 8.
2
What is the greatest common factor of 549458 and 546?
182
What is the highest common factor of 65 and 282269?
13
Calculate the highest common divisor of 1320 and 50413.
11
What is the highest common factor of 56 and 13748?
28
What is the highest common factor of 43 and 479837?
43
Calculate the highest common factor of 30126 and 6.
6
Calculate the greatest common divisor of 783388 and 1208.
604
Calculate the highest common divisor of 82149 and 5699.
139
Calculate the greatest common factor of 8464204 and 28.
28
Calculate the highest common factor of 825224 and 464.
232
Calculate the highest common factor of 4 and 8113.
1
Calculate the greatest common divisor of 917626 and 17.
17
What is the greatest common divisor of 4216 and 1632?
136
What is the greatest common factor of 124 and 252092?
124
Calculate the greatest common factor of 476 and 76748.
28
What is the highest common factor of 54 and 15774?
6
Calculate the greatest common divisor of 8024 and 16592.
136
Calculate the highest common divisor of 1771 and 276.
23
Calculate the highest common divisor of 23990 and 5.
5
What is the highest common factor of 54275 and 106275?
325
Calculate the greatest common factor of 1958 and 94162.
178
What is the highest common factor of 135576 and 260392?
2152
What is the highest common divisor of 183 and 403271?
61
Calculate the highest common divisor of 1225 and 12200.
25
Calculate the highest common factor of 4384644 and 132.
132
What is the greatest common divisor of 536228 and 924?
308
Calculate the highest common factor of 23736 and 655320.
1032
Calculate the highest common divisor of 62 and 2281.
1
What is the highest common divisor of 22554 and 55669?
179
What is the greatest common divisor of 372 and 40476?
12
What is the highest common divisor of 151992 and 99?
9
What is the greatest common factor of 261 and 203?
29
Calculate the highest common factor of 28 and 20136.
4
Calculate the highest common factor of 11155 and 7275.
485
What is the highest common divisor of 372834 and 9146?
538
What is the greatest common divisor of 1112320 and 32153?
869
Calculate the highest common factor of 1691 and 1007.
19
What is the greatest common factor of 100 and 723680?
20
What is the highest common factor of 1656 and 5328?
72
Calculate the highest common divisor of 856240 and 40.
40
What is the highest common factor of 4 and 169388?
4
Calculate the greatest common divisor of 17310 and 151174.
1154
Calculate the highest common factor of 21 and 638673.
21
What is the highest common factor of 10790 and 83?
83
Calculate the greatest common factor of 312 and 972.
12
Calculate the highest common divisor of 19530 and 1512.
126
Calculate the highest common factor of 5733 and 962.
13
What is the greatest common factor of 15990 and 1312?
82
Calculate the highest common factor of 228228 and 27300.
1092
What is the highest common factor of 3240 and 130360?
40
What is the highest common factor of 54932 and 9303?
443
What is the greatest common factor of 42 and 7985418?
42
What is the highest common divisor of 7119 and 105?
21
Calculate the highest common divisor of 568062 and 6342.
906
What is the greatest common divisor of 1690 and 31200?
130
What is the highest common divisor of 3419 and 6617?
13
What is the highest common factor of 295218 and 330?
66
What is the greatest common divisor of 2223 and 8541?
117
What is the greatest common divisor of 15433 and 207?
23
What is the greatest common factor of 56 and 4529?
7
What is the greatest common factor of 186 and 366?
6
What is the greatest common divisor of 6942 and 4602?
78
What is the highest common divisor of 1300 and 5700?
100
Calculate the highest common factor of 2527 and 649306.
133
What is the greatest common divisor of 8 and 1518?
2
What is the greatest common divisor of 5361727 and 49?
49
Calculate the highest common divisor of 252545 and 35.
5
Calculate the highest common divisor of 212 and 214438.
106
Calculate the greatest common factor of 222 and 6843261.
111
Calculate the highest common divisor of 2545571 and 115.
23
Calculate the greatest common factor of 6149875 and 125.
125
Calculate the greatest common factor of 250810 and 1050.
70
What is the highest common divisor of 1743 and 18177?
249
What is the highest common divisor of 64009 and 2116?
529
What is the greatest common factor of 604800 and 3000?
600
What is the highest common factor of 59 and 2463781?
59
What is the greatest common divisor of 272177 and 94?
47
Calculate the highest common divisor of 17814 and 18.
6
What is the highest common factor of 40 and 23130?
10
Calculate the highest common factor of 104 and 25922.
26
Calculate the highest common factor of 13072 and 11647.
19
Calculate the highest common factor of 297 and 7641.
27
Calculate the greatest common divisor of 46 and 708469.
23
What is the greatest common factor of 1677 and 2967?
129
Calculate the highest common divisor of 2024 and 391952.
88
Calculate the highest common divisor of 523 and 10628929.
523
Calculate the greatest common factor of 1705 and 1282501.
341
What is the greatest common divisor of 1 and 1125?
1
What is the greatest common factor of 368 and 499721?
23
Calculate the greatest common divisor of 175 and 25865.
35
What is the highest common factor of 118 and 6448582?
118
What is the highest common divisor of 324 and 10233?
27
What is the greatest common factor of 15812 and 536?
268
What is the highest common divisor of 